ppose 4 = 2*t - 20. What is the remainder when 21 is divided by t?
9
Calculate the remainder when ((-2)/4)/((-7)/1190) is divided by 29.
27
Suppose 112 = -z + 5*z. What is the remainder when 83 is divided by z?
27
Suppose 11*h + 57 = 14*h. Calculate the remainder when 92 is divided by h.
16
Suppose -3*k = 4*d - 39 - 5, -4*d + 56 = 4*k. Calculate the remainder when 58 is divided by k.
10
Calculate the remainder when -16*9/42*-7 is divided by 7.
3
What is the remainder when (-8)/(-2) - (7 - 16) is divided by 4?
1
Let l(s) = -s**2 - 2 + 3 + 0 + 7*s**2. Calculate the remainder when 19 is divided by l(-1).
5
Let o = 41 - 2. Calculate the remainder when o is divided by 10.
9
Let o(f) = f**2 - 13. Calculate the remainder when o(-8) is divided by 14.
9
Let q(f) = -2*f**2 - 22*f + 20. Calculate the remainder when 34 is divided by q(-11).
14
Let k = 25 - 9. Suppose 0 = -3*r - 2*n + 103, 152 - 38 = 4*r - 2*n. What is the remainder when r is divided by k?
15
Let j be (-1 + 3)*(-3)/(-2). Suppose -j*c = -20 + 8. Suppose 4*g + p = c*p + 77, 2*g = 3*p + 37. Calculate the remainder when g is divided by 7.
6
Let s be (-5)/(-1) + (-15 - -13). Suppose 5*j = -4*p + 142, 0 = -0*j - 4*j - s*p + 113. Calculate the remainder when 49 is divided by j.
23
Let g(q) = q**2 + q. Let b be g(-2). Let x(f) = b + 0 + f**2 - f + 0. Calculate the remainder when 7 is divided by x(2).
3
Suppose 0 = -0*r + 2*r - 94. Let z = -19 + r. Calculate the remainder when z is divided by 15.
13
Suppose -n - 25 = -6*n. Suppose -l + n = 0, -3*c + l - 17 = -78. Calculate the remainder when 43 is divided by c.
21
Calculate the remainder when (1/(-2))/(1/(-6)) is divided by 3.
0
Let m(z) = z**2 - 1. Let p be m(2). Suppose 5*k + 73 = 2*u, -p*u + 4*k - 3*k + 77 = 0. Calculate the remainder when 71 is divided by u.
23
Let n(t) = t**3 - t**2 - 2*t - 1. Let z be 6/(-4)*8/(-3). What is the remainder when n(z) is divided by 14?
11
Suppose -13*f = -18*f + 5. Let m(i) = 55*i**2 - 1. Calculate the remainder when m(f) is divided by 14.
12
Let h = -12 + 6. Let g = h - -11. Suppose -42 = 2*k - 5*k - 3*s, -g*k + 62 = s. Calculate the remainder when k is divided by 7.
5
Suppose 9 = u + 2. Calculate the remainder when u is divided by -2*2*(-3)/4.
1
Suppose 0 = -0*h + 3*h - 6. Suppose -8 = -h*k + k. Calculate the remainder when -1 - -1*(-1 + 24) is divided by k.
6
Let n = -14 + 21. Suppose -12*q - 135 = -17*q. Calculate the remainder when q is divided by n.
6
Suppose -5*d + 21 = -p, 0*d = -p + 4*d - 16. Suppose p*b = 2*x - 4*x + 54, 3*x - 69 = -2*b. What is the remainder when x is divided by 11?
10
Let r = 2 - -8. Let v(i) = -5*i + 6. Let j be v(10). Let m = -5 - j. Calculate the remainder when m is divided by r.
9
Let b be 0 + -3 + (168 - -1). Suppose -4*i + 171 - 43 = 4*q, 5*q + 2*i = b. What is the remainder when q is divided by 12?
10
Let s = 21 - 12. Let q(k) = -k**3 + 10*k**2 - 7*k - 6. Suppose 5*r - 2*j = 239, 0*r + r = -4*j + 39. What is the remainder when r is divided by q(s)?
11
Calculate the remainder when 57 is divided by (-6 - (-5 - -4))*-4.
17
Let m(x) = -60*x. Let b be m(-3). Suppose b = 4*f + 56. What is the remainder when f is divided by 16?
15
What is the remainder when -3 + (-6 - -2 - -44) is divided by 10?
7
Let x(g) = 10*g - 10. What is the remainder when x(3) is divided by 6?
2
Suppose -3*m + 18 = -w - 1, w - 6 = -2*m. Calculate the remainder when 13 is divided by m.
3
Suppose u - 3 = 16. Suppose 0 - u = -o. Let g = 45 + 10. What is the remainder when g is divided by o?
17
Let b(t) = -2*t + 8. Let l be b(5). Calculate the remainder when (-5094)/(-270) + l/(-15) is divided by 7.
5
Suppose -9 = -3*l + 3. Suppose -2*f - 3*w = 22, 0 = l*f + 2*w + 34 + 26. Let x = -7 - f. Calculate the remainder when 18 is divided by x.
8
Suppose -3*t + 81 = 12. What is the remainder when 66 is divided by t?
20
Let a = -80 - -130. Let h = a + -70. Calculate the remainder when h/(-10)*(-14)/(-4) is divided by 2.
1
Suppose -5*w + h = -8, -2*w - 4*h = -7*h + 2. Let a(x) = 7*x - 2*x - 11 + w*x**2 + 5. Calculate the remainder when a(4) is divided by 24.
22
What is the remainder when 57 is divided by (-42)/9*(-18)/7?
9
Suppose 0 = -z + 4*q + 26, 10 + 16 = 2*z + 5*q. Let a = 238 - 169. Calculate the remainder when a is divided by z.
15
Let g = 39 - 21. Suppose -j = 5 - g. Suppose 28 = 3*y + y. Calculate the remainder when j is divided by y.
6
Suppose -3*v + 0 + 23 = 2*f, -3*f - 2*v + 22 = 0. Suppose 2*k - 3*k + 4 = 0. Let j = k - 2. Calculate the remainder when f is divided by j.
0
Let b(q) = -8*q + 5. Let r be b(3). Let n = r + 24. Calculate the remainder when 18 is divided by n.
3
Let g(f) = f**3 - 5*f**2 + 4*f - 1. Let a be g(4). Let z = a - -3. Calculate the remainder when (-1)/z + (-357)/(-14) is divided by 9.
7
Suppose 0 = -2*p + 10 - 4. What is the remainder when 107 is divided by p*(4 + -2 + 10)?
35
Suppose v - 2*j - 70 = 0, -5*v + 4*j + 52 = -310. What is the remainder when v is divided by 19?
17
Let w = 36 - 19. Calculate the remainder when 66 is divided by w.
15
Let u be -1*(1 - (3 - 1)). Suppose 5 - u = 4*k. Let j(o) = 22*o. Calculate the remainder when 86 is divided by j(k).
20
Calculate the remainder when 3*((-224)/(-12) + 5) is divided by 36.
35
Let c = 41 + 93. Calculate the remainder when c is divided by 15.
14
Suppose 0 = 5*w - 3*l + 4, 4*l - 1 = -3*w + 14. Let p = 5 + w. What is the remainder when 10 is divided by p?
4
Let o = 55 - 14. Let d be (54/(-45))/(1/5). Let w = d + 20. Calculate the remainder when o is divided by w.
13
Let p(z) = 2*z**2 - 36*z + 21. Let x = 18 + -10. What is the remainder when p(18) is divided by x?
5
Suppose 5*g - 8 = g. What is the remainder when 3 is divided by g?
1
Suppose -s - 3*v + 0*v = 19, 0 = 3*s - 3*v + 21. Let g = s + 33. What is the remainder when g is divided by 12?
11
Let c(i) = -i**2 - 7*i - 8. Let j be c(-6). What is the remainder when 69 is divided by ((-4)/8)/(j/72)?
15
What is the remainder when 104 is divided by -1 - 4/(-6)*84/2?
23
Suppose 5*w + 156 = -54. Let f = w + 60. Calculate the remainder when 71 is divided by f.
17
Let q(z) = -z**3 + z**2 - 2*z + 20. Let t be q(0). Suppose -61 = -5*w - s - 7, -3*s - 36 = -3*w. Calculate the remainder when t - 0/((-1)/(-1)) is divided by w.
9
Let z = 3 + 2. Let k(b) = b - 2. Let y be k(z). Suppose y*t = 2*j - 13, -10 = -5*t + 5. Calculate the remainder when 20 is divided by j.
9
Let h be (-2 - 1)/3 + 1. Suppose 0 = -i - h + 25. Calculate the remainder when i is divided by 7/14 - 17/(-2).
7
Suppose 0 = c + 2*c - 9. Suppose -2 = 2*x, 0 = u + c*u - x - 93. Suppose -11 - 1 = -2*d. Calculate the remainder when u is divided by d.
5
Suppose -4*k - 6 = -3*z + z, -4*z - 2*k + 2 = 0. Suppose 20*s - 23 = -3*s. Calculate the remainder when z*-2*(-2)/4 is divided by s.
0
Let u = 8 - 4. Let b be (-2)/u*8/2. What is the remainder when 47 is divided by 1*(b + 19) + -1?
15
Let h(x) = 3*x**2 - 9*x + 9. Let i(z) = 2*z**2 - 4*z + 5. Let b(l) = -3*h(l) + 5*i(l). Suppose 3*m + m = 36. What is the remainder when m is divided by b(-8)?
3
Suppose -8*k + 8 = -4*k. What is the remainder when 11 is divided by k?
1
Calculate the remainder when 23 is divided by (-1)/(39/42 - 1).
9
Let q be (-2)/(-1*(-4)/158). Let h = 49 + -29. What is the remainder when h is divided by 4/(-14) + q/(-7)?
9
Suppose 2*z - 69 = -4*u + u, 69 = 3*u + z. Let f = -9 + u. What is the remainder when (-357)/(-9) - 2/3 is divided by f?
11
Let p = -28 - -3. Calculate the remainder when -3*(33/(-9) - 0) is divided by p/(-4) + 2/(-8).
5
Suppose 80 = 3*w - h - 0*h, -3*h = -4*w + 100. Calculate the remainder when 74 is divided by w.
18
Suppose 2*u = k + 20, -3*u - u = -3*k - 42. Let r be ((-15)/5 + 4)*110. Calculate the remainder when u/6 + r/4 is divided by 10.
9
Let l be -1 + 0 + (0 - -17). Suppose -x = -5*x + l. What is the remainder when 7 is divided by x?
3
Suppose 2*l - 3 - 5 = 0, 40 = 2*y + 4*l. Calculate the remainder when 46 is divided by y.
10
Let g(r) = -4*r + 14. What is the remainder when g(-6) is divided by 5?
3
Suppose 12 = -l + 5*l + 2*d, d = -3*l + 9. Suppose -q + 3*q + 3*p - 5 = 0, -l*p = -2*q - 1. What is the remainder when q is divided by 1?
0
Suppose 9*h - 6*h - 42 = 0. Let w(j) = 2*j**2 - j - 1. Let v be w(-2). Let i = 17 + v. What is the remainder when